ose -8 = 4*p, 4*p = -2*w + 5*w - 5. Let g be 5*(t/(-15) - w). What is the highest common factor of g and 4?
4
Suppose -c - 4*x = 12 - 102, 3*c - x - 270 = 0. Suppose 4*n = -0*n + 184. Suppose -n = 5*l - 226. What is the greatest common factor of l and c?
18
Let v(z) = -z**3 + 5*z**2 + 4*z + 10. Let x be v(5). Calculate the greatest common factor of 10 and x.
10
Suppose 0 = -5*f - 0*f - 320. Let p = f + 109. What is the highest common divisor of 5 and p?
5
Suppose -2*f - 18 = -3*f. Calculate the highest common divisor of 3 and f.
3
Suppose -5*f = 3 - 68. Suppose -3*s = n - 146, 4*s = 5*n - s - 710. What is the greatest common factor of f and n?
13
Let w = 105 + -94. Let m = 2 + -1. Calculate the greatest common divisor of m and w.
1
Suppose 4*y - 6 - 10 = 0, -y = 3*h - 88. Let q = 5 + -1. Calculate the greatest common divisor of q and h.
4
Suppose -14 = -2*s + 6. Let d be (1 - -4)/(5/s). Let m be ((-4)/(-6))/(2/12). Calculate the greatest common divisor of m and d.
2
Let v(a) = 4*a**2 - a - 4. Let b be v(4). What is the highest common factor of 16 and b?
8
Suppose -1 = 6*t - 31. Calculate the greatest common factor of t and 5.
5
Let k = 9 + 8. Let q = -3 - -5. Suppose -4*h + 81 = q*d + k, -2*h + 8 = -5*d. Calculate the highest common divisor of h and 14.
14
Let j be (-5)/20 + (-164)/(-16). What is the highest common divisor of 70 and j?
10
Let a(u) be the third derivative of -u**4/4 - 2*u**3/3 - 6*u**2. Let f be a(-4). What is the greatest common factor of f and 220?
20
Let b = 104 + -64. What is the highest common factor of 16 and b?
8
Suppose -32 = 2*r - 134. Let q = 17 + r. Suppose -5*j + 2*s + 62 = 5*s, 5*j - q = 3*s. Calculate the highest common factor of j and 13.
13
Let b(v) be the second derivative of v**3/6 + 6*v**2 - v. Let d be b(0). Calculate the greatest common factor of 48 and d.
12
Suppose 5*l + 3*m = 0, -3*l = -0*l + 2*m. Suppose 4*x + x - 15 = l. Let v(q) = -4*q + 1. Let d be v(-2). Calculate the highest common divisor of d and x.
3
Let n = -28 + 36. What is the greatest common divisor of n and 64?
8
Suppose 0*f = 3*f + 12. Let q(b) = -2*b - 1. Let j be q(f). What is the highest common divisor of j and 49?
7
Let b be (-39)/(-52) + (-89)/(-4). Suppose v - 52 = -3*k, -4*v = -2*k - 142 - 38. What is the highest common divisor of v and b?
23
Let o be (8/(-10))/((-12)/30) - -3. Calculate the greatest common divisor of 2 and o.
1
Suppose 48 = 2*a - 0*a. Suppose f - 3*w - 39 = 0, 3*f - 86 = 2*w + a. Calculate the highest common divisor of f and 9.
9
Suppose 3*a = 168 - 24. Calculate the greatest common divisor of 32 and a.
16
Let v(d) = -8*d**3 + d**2 + 2*d + 1. Let s be v(-2). Suppose 134 = 5*i + k, -5*i + 6*k = 2*k - 114. What is the highest common divisor of i and s?
13
Suppose 870 = 5*z + 3*o, 407 = 5*z - 5*o - 423. Calculate the greatest common divisor of z and 19.
19
Suppose 5*u + 48 + 37 = 5*m, 2*u = 4*m - 68. Let p = m + -4. Suppose -3*a + a + 4*l = -78, 3*l = -3*a + 117. What is the highest common divisor of a and p?
13
Suppose 46 + 54 = 5*n - v, 0 = -2*v + 10. Calculate the greatest common divisor of n and 21.
21
Suppose -4*y - 2*c = -138, 0*y = -y + 5*c + 51. What is the greatest common factor of y and 12?
12
Suppose -o - 37 = m - 258, 0 = -2*m - 8. What is the highest common factor of o and 25?
25
Suppose -3*r = -7*r + u + 325, 4*u = 4*r - 340. Let o be 6/(-4) + 14/4. Let t be o/(1 + (-7)/8). What is the highest common divisor of r and t?
16
Suppose 3*b = -2*r + 402, 3*r - 3*b + 105 - 693 = 0. Calculate the greatest common divisor of 18 and r.
18
Let h = 3 + -6. Let f be (h + (-2 - -2))*-2. Suppose 3*p = f*c - c - 525, -2*c + 206 = -2*p. What is the greatest common factor of 12 and c?
12
Suppose -4*n = k - 4*k - 53, 58 = 5*n - k. Suppose 4*i = 5*i - n. Calculate the highest common divisor of 55 and i.
11
Let u be (-4)/(-3)*66/4. What is the greatest common factor of 55 and u?
11
Let m be 6/(-12) + 146/4. Let q be (-18)/(1 + 7/(-4)). What is the greatest common divisor of q and m?
12
Let u(p) = -7*p - 2. Let f be u(-2). Calculate the highest common factor of f and 108.
12
Suppose d - 11 + 6 = 0. Suppose j = 2*h + 10 + 4, d*h = 5*j - 75. What is the greatest common factor of j and 40?
8
Suppose p - 4*j - 17 = 15, 2*p = -2*j + 14. What is the greatest common divisor of p and 60?
12
Suppose -5*q + 13 = 3. Calculate the highest common divisor of 10 and q.
2
Let x = 4 + 12. Calculate the greatest common factor of x and 48.
16
Suppose 4*s = s + 51. Let k = s + -6. What is the highest common factor of k and 22?
11
Suppose 20 = 3*c + 17. Calculate the highest common factor of 23 and c.
1
Let s be 2 + ((-1)/(-3) - (-212)/12). What is the highest common divisor of s and 5?
5
Suppose 18 - 6 = 2*p. Let x be -119 + 1 + 3 + -1. Let h be 4/10 + x/(-10). What is the highest common factor of p and h?
6
Suppose -2*r = -6*r + 16. Suppose 2*s - r*d - 92 = 0, d + 1 = -2. Suppose 4*a - s - 16 = 0. Calculate the greatest common divisor of a and 14.
14
Suppose -5*s + 1 = -24, t - 50 = 2*s. What is the highest common factor of 20 and t?
20
Let g be 70/90 + 4/18. Let i be (4 - g) + (9 - 6). What is the greatest common divisor of 6 and i?
6
Let n = 429 - 297. What is the highest common factor of n and 198?
66
Let r(d) = d**2 - 8*d + 3. Let h be r(8). Let o(j) = -90*j. Let n be o(-2). Suppose w - h*w = -n. What is the highest common factor of 10 and w?
10
Suppose 0*s + 4*s - 3*b - 102 = 0, -2*s = -5*b - 44. Suppose -5*x + s = -13. Let t(y) = -y + 8. Let c be t(6). What is the highest common divisor of c and x?
2
Let u(i) = 5*i - 5. Let g be u(2). What is the highest common divisor of g and 20?
5
Suppose -8*a + 6*a = 40. Let y = -6 - a. Let p be (-12)/9*3/(-2). Calculate the highest common factor of y and p.
2
Suppose 3*d = -4*s + 29, -d + 3*d = -s + 6. Suppose 2*m - 87 - 9 = 0. Calculate the greatest common factor of m and s.
8
Let v be ((-140)/(-8))/(-7)*-22. Suppose 85 = 4*s - v. What is the greatest common divisor of s and 14?
7
Suppose -m + 0*m + 60 = -5*x, 5*m = -4*x + 329. Suppose -p + 6*p - m = 0. Calculate the greatest common divisor of 117 and p.
13
Let y(s) = s**3 + 13*s**2 + 7*s + 8. Let v be y(-12). Let f = 110 - v. What is the greatest common divisor of 6 and f?
6
Suppose 0 = -3*d + 811 - 775. Let s be 14/6 + 4/6. What is the greatest common divisor of s and d?
3
Let l(w) = -6*w**2 - w + 5. Let p be l(4). Let h = 205 + p. Calculate the highest common divisor of h and 22.
22
Let b be 9/(-6)*(-16)/6. Suppose -2 = -b*a + 6. Suppose 3*u + 2*u - 19 = -d, -u = 2*d - 29. What is the highest common divisor of d and a?
2
Let w = -5 - -7. Let m be (-3)/(-12)*4 - -16. Suppose -b = -w, 0*r = r + 3*b - m. What is the highest common divisor of r and 88?
11
Suppose 2*b + 15 - 3 = 0. Let s = b + 15. Let a = 44 - s. Calculate the highest common divisor of 14 and a.
7
Suppose 0 = 5*u + 50 + 5. Let n = 25 - u. What is the highest common factor of n and 90?
18
Let w = -1 - -3. Let g(o) = 0*o**3 - o**3 + 4*o**2 + o**w + 1. Let m be g(5). What is the greatest common divisor of m and 5?
1
Let u(q) = -19*q**3 - 2*q**2 - 2*q - 1. Let j be u(-1). Suppose 0*k - k + j = 0. Calculate the highest common divisor of 45 and k.
9
Suppose -5*c + 5*x = 7 - 42, -x = 2*c - 23. Let v = -8 + 5. Let y be v*(339/(-9) + 1). What is the highest common factor of y and c?
10
Let j be 524/26 + (-20)/130. Let b be (-202)/(-4) - (-1)/(-2). What is the highest common factor of b and j?
10
Suppose 2*f + 36 = 4*f. Calculate the highest common divisor of f and 18.
18
Suppose -3*y + 12 = -3*a + 2*a, -a - 5*y = -28. Suppose 3*m = a*d - 26 - 163, 4*m + 126 = 2*d. Calculate the greatest common factor of d and 9.
9
Let m be (-1)/((-90)/(-87) + -1). Let x = m + 43. What is the greatest common divisor of x and 126?
14
Let o(x) = x + 12. Let g be o(5). Suppose 18*q - g*q - 3 = 0. What is the greatest common divisor of q and 15?
3
Let n = -17 + 27. Calculate the highest common divisor of n and 15.
5
Suppose -5*j + 1 = 5*p - 4, 2*j - 8 = -5*p. Suppose -p*v - v = -21. Calculate the highest common divisor of v and 35.
7
Let v(h) = 2*h + 1. Let x be v(2). Suppose 4*i = -4*k + 24, 0 = x*k - 0*k - 25. Let a = 4 - i. What is the greatest common factor of a and 3?
3
Let t be (60 - 10) + -1*2. What is t